). What is q(9)?
2
Let w(q) be the third derivative of q**6/120 + q**5/10 + q**4/8 + q**3/6 - 2*q**2 - 16*q. Give w(-6).
-17
Suppose 27 = 2*x + y - 20, -y = 5*x - 113. Let w be ((-33)/x)/((-1)/2). Let i(b) = 1 + w + 0 - b. Give i(0).
4
Let x(m) = -4*m**3 + 3*m**2 - 3*m + 2. Let i(b) = 80*b - 79. Let a be i(1). What is x(a)?
-2
Let s(m) = 14*m**3 - 5*m**2 - 5*m - 1. Suppose -281*i + 264*i - 17 = 0. What is s(i)?
-15
Let p(k) = k**3 + k**2. Let b(a) = 5*a**3 + 3*a**2 - 2*a + 3. Suppose -2 = -l + 2. Let t(v) = l*p(v) - b(v). What is t(2)?
-3
Let k(w) = w**2 - 7*w - 2. Suppose -3*s + 4*a - 6*a + 265 = 0, 4*a + 16 = 0. Let t = 98 - s. Give k(t).
-2
Suppose 3*i - 15 = 0, -5*i = -2*r - 0*r - 15. Let v(g) = -5*g**2 + 0*g**2 + 16 - 24 + g**3 - r*g. Calculate v(6).
-2
Let q(s) be the third derivative of -s**6/120 - s**5/15 + s**4/24 - 10*s**2 - 11. What is q(-4)?
-4
Let o(g) = -g**3 - 5*g**2 + 6*g - 4. Let l be 4/18 - (83/9 + -4). Calculate o(l).
-34
Let s(m) = m - 2. Let p be 12/(1 + 2) - -4. Suppose p*b + 8*b = 32. Determine s(b).
0
Let t(m) = -m**3 + 2*m**2 + 2*m + 3. Let s(k) be the second derivative of -k**5/20 + k**2/2 + 13*k. Let j(p) = 4*s(p) - t(p). What is j(-2)?
21
Let a be -1 + (-2)/(-5 + 3). Let o be a/1 + (-6 - -10). Suppose 0 = d - o*d - 3. Let h(m) = -4*m - 1. What is h(d)?
3
Let t(w) = -3*w**3 + 8*w**2 - 6*w + 1. Let z(b) = 7*b**3 - 17*b**2 + 12*b - 2. Let m(u) = -5*t(u) - 2*z(u). Let y = 9 + -5. Suppose y*l - 2 = 14. What is m(l)?
-9
Let u(l) = 28*l - 45*l + 2 + 12*l. What is u(2)?
-8
Suppose 0 = s + 998 - 1003. Let g(j) = j**2 - 7. Determine g(s).
18
Let u(t) = -13*t**3 - t + 1. Let j be 10/40 + 6/8. Calculate u(j).
-13
Let t(m) = 2*m - 6 + 42 - 26. Determine t(0).
10
Let z(b) = -b**2 + 3*b - 1. Let a(r) be the third derivative of r**5/15 - 3*r**4/8 + r**3/3 + 30*r**2. Let w(g) = -2*a(g) - 7*z(g). What is w(-5)?
-7
Suppose 3*s - 39 = 246. Let u = 96 - s. Let d(q) be the third derivative of q**5/60 - q**4/24 + q**3/6 - q**2. Determine d(u).
1
Suppose 18*l - 15*l = -9. Let p(a) = -2 + 1 - a - 2 + 0. What is p(l)?
0
Let f = 96/13 + -511/78. Let p(i) be the second derivative of f*i**3 - 1/2*i**2 + 0 + 3*i. Determine p(-1).
-6
Let u = 771 + -769. Let g(d) = -3 + 1 + 5 - 5*d. What is g(u)?
-7
Let h(c) = 2*c**3 - 5*c**2 + 4*c - 3. Let t(x) = -x**2 + 9*x - 10. Let u be t(7). Calculate h(u).
61
Let y be (1 - -2)/(3 - (5 - 3)). Let q(l) = -l**3 + l**2 - l - 3. Calculate q(y).
-24
Let g(j) = -2*j**2 + j + 1. Let f(b) = 13*b**2 - 9*b - 10. Let w(s) = f(s) + 6*g(s). Let m(z) = 2*z**2 - z. Let d be m(-1). Determine w(d).
-4
Let o(y) = -5*y**2 + 68*y + 32. Let t be o(14). Let g(p) = p**3 - 3*p**2 - 2*p + 8. Calculate g(t).
16
Let h(g) = -g**2 + 7*g + 3. Let c be h(7). Let f(s) = -2*s + 3*s + 3 - c*s**2 - 5*s. Calculate f(2).
-17
Let l be 2*(82/(-28) - (-12)/(-21)). Let s(g) = g**2 + 8*g - 4. Determine s(l).
-11
Let r = -462 - -456. Let u(h) = -h**2 - 9*h - 13. Determine u(r).
5
Let p(o) = o**3 + 6*o**2 - 7*o + 1. Let l be p(-7). Let q(m) = 4*m - m**3 - 4*m**2 - l - 1 + 3 - 2*m. Determine q(-2).
-11
Let p(w) = 2*w + 21. Let f = 1404 - 1395. What is p(f)?
39
Let d(c) = -11*c**2 + 10*c + 1. Let y(i) = -10*i**2 + 7*i + 1. Let w(v) = -3*d(v) + 4*y(v). Suppose 3*t + 2 = 5*t. What is w(t)?
-8
Let m(c) be the first derivative of -2*c**2 - 23*c - 199. Calculate m(-4).
-7
Let l = 134 - 126. Let h(f) = 3*f**2 - 23*f - 5. Give h(l).
3
Suppose -3*z = -9 - 63. Let k = 31 - z. Let s = -1 + k. Let r(u) = -u**2 + 7*u + 4. Give r(s).
10
Let b be (-30)/3*-1 - 1. Let r be (b/(-2) - -2)*-2. Let v(k) = 1 - 2*k + k**2 - k - 2*k**3 + r*k. Determine v(2).
-7
Suppose 8*b + 360 = -4*b. Let x(a) = -a**2 - 31*a - 25. Let d be x(b). Let c(l) = 2*l + 0*l + 2 - l**3 + 5*l**2 + 1. Give c(d).
13
Let d(j) = -4*j - 19*j**2 - 44*j**2 + 64*j**2 - 2 - j. Calculate d(-3).
22
Let n(m) = -m. Let f(c) = -c - 7. Let o(z) = -f(z) - 2*n(z). Give o(5).
22
Let q(i) = i**3 - 9*i**2 - 11*i + 15. Let n = 297 + -287. What is q(n)?
5
Let m(q) = 4*q**3 - 5*q**2 + 4*q + 10. Let f(s) = s**3 - s**2 + s + 2. Let t(r) = -5*f(r) + m(r). Give t(0).
0
Let a(y) = 4*y - 2*y + 4 - 3*y. Let d = 68 - 38. Let x = 30 - d. Give a(x).
4
Let p(h) = -h**2 + 7*h - 4. Let q(y) = 12*y + 27. Let b be q(-2). What is p(b)?
8
Let b(d) = -d**3 - 5*d**2 - 2*d - 7. Let p be b(-5). Let q(h) = 0*h - 2*h + 8*h**2 - 1 - 7*h**2. Determine q(p).
2
Let u(x) = 7*x**2 + x. Let i be 0 + 48/9 + (-2)/6. Suppose -17 = -3*s + i*a, -3*a + a = -5*s + 3. What is u(s)?
6
Let n = 60 - 55. Suppose -2*o - o + 14 = n*l, 2*o = -4*l + 10. Let w(f) = -7*f**2 - f + 1. What is w(l)?
-7
Let d(s) be the second derivative of -3*s**3/2 + s**2/2 - 4*s. Give d(2).
-17
Let b(z) = -z**3 - 7*z**2 + 8*z - 3. Let d(p) = p**2 - 10*p + 13. Let c(x) = -x + 12. Let q be c(5). Let t be d(q). What is b(t)?
-3
Let n(z) be the first derivative of -3/2*z**2 + 0*z + 4 + 1/6*z**3 + 1/8*z**4. Let p(c) be the second derivative of n(c). What is p(3)?
10
Let a(n) = -1 + n + n**3 - 8*n**2 + 9*n + 13 - 18 + 0*n. What is a(6)?
-18
Let l = -25 - -29. Suppose -l*n - 35 = n. Let w(d) = -d - 2. Determine w(n).
5
Let y(a) be the second derivative of a**3/2 - a**2/2 + 26*a. Calculate y(3).
8
Let a = 2219 + -2225. Let r(c) = 2*c**2 + 10*c - 5. Give r(a).
7
Let c(q) = -q**2 - 10*q - 3. Let x(t) = -4*t + 3. Let r be x(3). Let n be c(r). Let m be 1 + -3*n/9. Let j(l) = -15*l**2 - l - 1. Calculate j(m).
-15
Let u(l) = -l**2 + 5*l + 3. Suppose 0*c = -c - 5*s - 7, 3*c + 3*s = 15. What is u(c)?
-21
Let f(h) be the second derivative of h**4/12 + h**3/3 + 3*h**2/2 - h. Let b(j) be the first derivative of f(j). Give b(-4).
-6
Suppose -4*w = -490 + 450. Let i(q) = q**2 - 6*q - 22. Calculate i(w).
18
Let b be 30/200*4*10/1. Let r(p) = -2*p - 1. Determine r(b).
-13
Let t(z) be the third derivative of z**4/24 - 2*z**3/3 + 4*z**2. Let f be (-28)/(-35) - -1*(-84)/(-20). Calculate t(f).
1
Let c(j) = -18*j + 1. Suppose -52 = -27*h + 56. Suppose -4*o + 25 = o. Suppose h = o*w - w. Give c(w).
-17
Let b(c) = 8*c**2 - 3*c + 28. Let o(i) = -4*i**2 + i - 14. Let q(r) = -4*b(r) - 9*o(r). Let k(x) be the first derivative of q(x). Calculate k(-2).
-13
Let l(a) = a**3 + 6*a**2 - 6*a + 6. Let p(x) = 10*x - 157. Let z be p(15). Calculate l(z).
-1
Let g(u) = -u**2 + 8*u - 7. Let r = -86 - -91. Calculate g(r).
8
Let r(d) = -3*d**2 - 5*d - 3. Let j(u) = 8*u**2 + 15*u + 8. Let m(o) = 4*j(o) + 11*r(o). Let k(b) = -3*b + 53. Let v be k(16). Determine m(v).
-1
Suppose 22 = -2*j + 12. Let m be j/(-10)*4 - -3. Let s(n) = -n + 1. Give s(m).
-4
Suppose -32*r = -18*r - 70. Let p(t) = t**3 - 6*t**2 + 7*t + 2. Give p(r).
12
Let i(b) = 12*b**2 - b. Let c(p) = -p**3 - 5*p**2 + 8*p + 9. Let g be c(-6). Let h(l) = 2*l**2 + 4*l - 5. Let f be h(g). Give i(f).
11
Let h(a) be the second derivative of -a**4/12 + 5*a**3/6 - a**2 + a + 3. What is h(3)?
4
Suppose -x - 2*x - 23 = 4*b, -5*x + 15 = -4*b. Let l(r) = -2*r**2 - r - 4. Let q(i) = -3*i**2 - 2*i - 6. Let g(p) = 7*l(p) - 5*q(p). What is g(b)?
12
Let u(f) = -f**3 + 2*f**2 - 4*f + 3. Let z be 14/(-28) - (2/(-4) - 2). Calculate u(z).
-5
Let f(l) = -l**3 + 10*l**2 + 4*l - 34. Let n be f(10). Let v(a) be the first derivative of n + 1/2*a**2 - a. Give v(2).
1
Let f(i) = 849*i + 69. Let c(h) = -81*h - 7. Let m(w) = -21*c(w) - 2*f(w). Let u = -3 + 2. Let y be u + (-1 - -2)*-5. Determine m(y).
-9
Let z(r) be the first derivative of 0*r - 1/2*r**2 - 43. What is z(-4)?
4
Let o(f) = 7*f - 10*f**2 + 1 - 9*f**2 - 7*f**2 + 31*f**2 - 3*f**2. Give o(-6).
31
Let f be 275/22*1/(-10)*-16. Let z(t) = -t**3 + 21*t**2 - 22*t + 46. Determine z(f).
6
Suppose -3*b + 6 = -0. Let t = -10 - b. Let n = t - -10. Let o(a) = -2*a + 2. What is o(n)?
6
Suppose -5*s = -2*q - 5, 6*q - 11 = 3*s + 2*q. Suppose -s*d = n, 2*n - n = -d. Suppose -g - 4*g = d. Let w(k) = k - 7. Give w(g).
-7
Suppose 0 = -43*q + 48*q + 65. Let v(f) = -4*f - 12. Calculate v(q).
40
Let l(p) = p**2 + 1. Let v(k) = k**2 + 17*k - 25. Let s be v(-18). Let j(i) = i + 8. Let x be j(s). Calculate l(x).
2
Let z(j) be the first derivative of -3*j**2 - 5*j + 26. Determine z(5).
-35
Let g(j) = 2*j + 2*j - j**3 + 4 - 2*j**2 - 9 - 2*j + 0*j. Give g(-4).
19
Let n(o) be the third derivative of -o**5/120 + 13*o**4/24 - 3*o**3 - 6*o**2. Let d(q) be the first deriva